ctor of 7683939 and 7533?
279
What is the greatest common factor of 23656752 and 40?
8
Calculate the greatest common factor of 1257333 and 462.
231
Calculate the highest common divisor of 127696483 and 667.
667
What is the highest common factor of 67318 and 46366?
194
Calculate the highest common factor of 5762400 and 70.
70
Calculate the greatest common factor of 2164195 and 221815.
5995
What is the greatest common divisor of 2490336 and 36?
36
Calculate the greatest common factor of 20703794 and 381.
127
What is the highest common factor of 226766470 and 14?
14
Calculate the greatest common factor of 3640908 and 5808.
12
Calculate the greatest common factor of 203192002 and 7878.
2626
Calculate the greatest common divisor of 721639633 and 1859.
1859
Calculate the greatest common factor of 280665 and 18095.
385
What is the greatest common divisor of 127348 and 5252?
52
What is the greatest common divisor of 1192663 and 4870?
487
What is the greatest common factor of 80025 and 100?
25
Calculate the greatest common divisor of 22 and 180875211.
11
Calculate the highest common divisor of 941424 and 27038.
22
Calculate the greatest common divisor of 1763 and 136981.
41
What is the greatest common factor of 318200 and 330240?
1720
Calculate the greatest common divisor of 116 and 111163003.
29
What is the greatest common divisor of 10266 and 3681246?
354
What is the greatest common divisor of 10044 and 27900?
1116
Calculate the greatest common factor of 695075 and 150.
25
What is the greatest common factor of 416836250 and 19000?
4750
Calculate the highest common factor of 2128 and 1205968.
304
Calculate the highest common divisor of 106 and 585958.
2
What is the highest common factor of 322 and 750806?
14
Calculate the highest common divisor of 27512 and 73752.
8
Calculate the highest common factor of 676962 and 50688.
198
Calculate the greatest common factor of 16 and 143743680.
16
What is the greatest common factor of 484724436 and 28?
28
What is the greatest common factor of 104 and 342959888?
8
What is the greatest common divisor of 22187 and 6428179?
2017
What is the greatest common divisor of 2456541 and 5883?
111
What is the highest common divisor of 5838282 and 3096?
774
Calculate the greatest common factor of 1703793 and 2149.
7
Calculate the highest common divisor of 1404 and 29164941.
351
What is the highest common divisor of 27344703 and 2?
1
Calculate the greatest common divisor of 838396 and 559.
13
What is the greatest common factor of 3220 and 36774010?
1610
What is the greatest common divisor of 129306 and 175191?
69
What is the highest common factor of 46560856 and 2097?
233
What is the greatest common divisor of 9030 and 311507910?
9030
What is the greatest common divisor of 281905248 and 5676?
516
What is the greatest common divisor of 135245946 and 528?
66
What is the greatest common factor of 98 and 724178?
14
What is the highest common factor of 413829 and 47291?
131
What is the highest common divisor of 48989985 and 660?
165
What is the greatest common factor of 15012 and 1155646?
278
What is the highest common factor of 387296 and 11721632?
7904
What is the highest common factor of 1426843 and 1881?
209
Calculate the highest common factor of 24924 and 46626573.
6231
Calculate the greatest common divisor of 564815 and 581.
83
What is the highest common divisor of 8109784 and 2712?
904
What is the highest common factor of 61288380 and 4185?
135
What is the highest common factor of 10065 and 12799325?
3355
Calculate the highest common divisor of 310 and 3029220.
10
Calculate the greatest common factor of 1049750 and 76950.
950
What is the highest common divisor of 7095 and 1922573?
43
What is the highest common factor of 4614777 and 24?
3
Calculate the greatest common factor of 490 and 403855060.
490
Calculate the greatest common factor of 209170078 and 182.
26
Calculate the greatest common factor of 714 and 3508834.
238
Calculate the highest common divisor of 1126959 and 2832.
177
What is the greatest common factor of 1615785579 and 9?
9
What is the highest common divisor of 36465 and 11660385?
2805
What is the greatest common divisor of 2040 and 21143886?
102
What is the greatest common factor of 1445906 and 495?
11
What is the greatest common divisor of 30 and 96935015?
5
What is the greatest common factor of 350325 and 1317465?
405
What is the greatest common divisor of 5 and 104083570?
5
Calculate the highest common factor of 1308 and 2716062.
654
What is the greatest common factor of 39321 and 20529931?
4369
What is the greatest common divisor of 62282 and 255607?
209
What is the greatest common factor of 52 and 164161621?
13
Calculate the highest common divisor of 56 and 95657044.
28
What is the highest common factor of 12218722 and 74816?
334
Calculate the greatest common divisor of 1806 and 67461786.
42
Calculate the highest common factor of 698160 and 1728.
48
What is the highest common divisor of 123960 and 12096?
24
What is the highest common divisor of 75267533 and 11?
11
What is the highest common divisor of 583665 and 23340?
15
What is the highest common factor of 336 and 3367518?
42
What is the highest common factor of 154824708 and 1?
1
Calculate the greatest common factor of 47941594 and 906.
302
What is the highest common factor of 17318587 and 33?
11
What is the greatest common divisor of 121241174 and 949?
73
What is the highest common divisor of 905355 and 4189?
59
What is the highest common divisor of 74505 and 12555?
15
What is the highest common divisor of 11172843 and 2475?
99
What is the greatest common divisor of 457896 and 360?
24
Calculate the highest common divisor of 1510197 and 3068.
13
Calculate the greatest common divisor of 85568 and 733376.
448
Calculate the highest common divisor of 14600 and 120597825.
1825
Calculate the highest common factor of 49 and 2405557.
49
Calculate the highest common divisor of 334287350 and 1189.
1189
What is the greatest common divisor of 583389 and 30969?
837
Calculate the highest common factor of 10257178 and 772.
386
Calculate the highest common factor of 24384 and 310704.
48
Calculate the greatest common factor of 975450 and 294.
42
Calculate the greatest common factor of 912863432 and 312.
104
What is the highest common factor of 1553729212 and 1564?
1564
Calculate the greatest common factor of 26438298 and 2123.
193
What is the highest common divisor of 4814 and 3207452?
166
What is the greatest common divisor of 515790552 and 7008?
1752
What is the highest common divisor of 86 and 2954706257?
43
Calculate the highest common factor of 1715 and 487540.
5
Calculate the greatest common divisor of 34368 and 699456.
192
Calculate the greatest common divisor of 35833 and 47173.
7
Calculate the highest common factor of 21771 and 4543767.
531
Calculate the greatest common divisor of 91728 and 50256.
144
What is the highest common divisor of 2541868 and 56?
28
Calculate the greatest common divisor of 2902536 and 16038.
18
Calculate the greatest common factor of 28 and 15391124.
28
What is the highest common divisor of 258 and 54124487?
43
Calculate the greatest common divisor of 44736 and 105792.
192
What is the highest common factor of 192334648 and 176?
88
Calculate the greatest common factor of 3670 and 1459547990.
3670
What is the greatest common divisor of 55387 and 6511684?
571
Calculate the greatest common divisor of 63392 and 206.
2
Calculate the greatest common factor of 261560359 and 1.
1
What is the highest common divisor of 361246438 and 3202?
3202
What is the highest common divisor of 18358733 and 917?
131
Calculate the highest common factor of 1610583 and 43328.
677
Calculate the highest common divisor of 7773465 and 1417535.
3535
What is the greatest common divisor of 875165650 and 38?
38
Calculate the greatest common factor of 56856 and 25668.
276
What is the highest common divisor of 8354 and 678399101?
4177
What is the highest common divisor of 28763 and 17528?
7
What is the highest common divisor of 1248666510 and 41496?
10374
What is the greatest common divisor of 130 and 881188685?
65
Calculate the highest common factor of 1537 and 1231833.
29
Calculate the highest common divisor of 34 and 43077762.
34
Calculate the highest common factor 